e 10.
-6
-3 (base 15) to base 13
-3
What is c (base 15) in base 6?
20
Convert -114 (base 9) to base 3.
-10111
405 (base 7) to base 15
d6
Convert -1 (base 16) to base 12.
-1
-13 (base 5) to base 4
-20
-211 (base 11) to base 15
-11e
Convert 29 (base 10) to base 15.
1e
What is -22 (base 4) in base 15?
-a
What is -86 (base 12) in base 13?
-7b
-db (base 14) to base 16
-c1
What is -104 (base 13) in base 11?
-148
2 (base 6) to base 16
2
What is -83 (base 11) in base 2?
-1011011
What is 72 (base 16) in base 13?
8a
What is -10 (base 6) in base 14?
-6
Convert 5a (base 11) to base 3.
2102
Convert 1 (base 9) to base 7.
1
10111010 (base 2) to base 15
c6
What is 40 (base 8) in base 13?
26
What is 0 (base 6) in base 7?
0
-c (base 14) to base 3
-110
18 (base 9) to base 10
17
0 (base 10) to base 3
0
Convert 5 (base 15) to base 10.
5
What is 33 (base 4) in base 12?
13
-7 (base 9) to base 3
-21
Convert -40 (base 11) to base 15.
-2e
-3 (base 4) to base 10
-3
What is 1201 (base 3) in base 10?
46
What is 1002 (base 4) in base 11?
60
What is 2 (base 6) in base 8?
2
26 (base 15) to base 5
121
Convert 21 (base 15) to base 2.
11111
What is 73 (base 8) in base 13?
47
Convert -20 (base 3) to base 8.
-6
112 (base 6) to base 16
2c
Convert cc (base 14) to base 15.
c0
Convert -71 (base 16) to base 4.
-1301
Convert 3 (base 9) to base 14.
3
What is 6 (base 11) in base 16?
6
Convert -4 (base 16) to base 6.
-4
What is -72 (base 9) in base 13?
-50
Convert -12 (base 9) to base 10.
-11
What is 2 (base 5) in base 11?
2
What is 3 (base 12) in base 5?
3
What is -a (base 16) in base 14?
-a
Convert -7b (base 15) to base 12.
-98
What is 145 (base 7) in base 8?
122
What is 2 (base 4) in base 11?
2
What is -3 (base 9) in base 6?
-3
Convert 24 (base 6) to base 14.
12
What is -2 (base 12) in base 13?
-2
-1142 (base 5) to base 16
-ac
What is -46 (base 12) in base 8?
-66
-a0 (base 15) to base 7
-303
4 (base 9) to base 16
4
22 (base 3) to base 16
8
Convert 6 (base 15) to base 14.
6
231 (base 5) to base 4
1002
-68 (base 10) to base 7
-125
-7 (base 15) to base 11
-7
-5 (base 10) to base 5
-10
What is 431 (base 6) in base 3?
20001
What is -1 (base 4) in base 7?
-1
Convert 2 (base 4) to base 13.
2
100101 (base 2) to base 14
29
What is -11 (base 4) in base 2?
-101
-31 (base 8) to base 5
-100
What is 0 (base 12) in base 10?
0
Convert -2a (base 16) to base 10.
-42
Convert b (base 14) to base 13.
b
Convert 13 (base 6) to base 5.
14
0 (base 2) to base 10
0
Convert 5 (base 13) to base 11.
5
What is 29 (base 15) in base 5?
124
11100 (base 2) to base 4
130
Convert 4 (base 11) to base 13.
4
Convert -29 (base 12) to base 6.
-53
Convert -5 (base 10) to base 7.
-5
-1554 (base 6) to base 13
-271
Convert 4 (base 8) to base 11.
4
What is -304 (base 5) in base 9?
-87
Convert -4 (base 15) to base 3.
-11
Convert 11 (base 8) to base 15.
9
What is -5 (base 14) in base 12?
-5
-e9 (base 15) to base 11
-18a
Convert 1a (base 13) to base 15.
18
What is -2 (base 14) in base 3?
-2
Convert -4 (base 5) to base 16.
-4
What is -2 (base 11) in base 4?
-2
-237 (base 9) to base 4
-3010
Convert -54 (base 11) to base 8.
-73
Convert -30 (base 4) to base 2.
-1100
What is 1 (base 10) in base 11?
1
What is 12002 (base 3) in base 5?
1022
23 (base 6) to base 2
1111
101 (base 4) to base 13
14
-131 (base 4) to base 16
-1d
Convert 1101100 (base 2) to base 14.
7a
31 (base 9) to base 6
44
Convert -51 (base 10) to base 3.
-1220
0 (base 9) to base 14
0
-2 (base 4) to base 16
-2
What is 12 (base 8) in base 10?
10
-3 (base 7) to base 14
-3
21212 (base 3) to base 13
134
-11 (base 12) to base 2
-1101
-3 (base 15) to base 10
-3
What is -5 (base 14) in base 2?
-101
What is -11 (base 5) in base 14?
-6
What is -cb (base 15) in base 14?
-d9
What is 13 (base 16) in base 11?
18
7e (base 15) to base 2
1110111
What is a (base 15) in base 6?
14
-112 (base 4) to base 10
-22
-39 (base 10) to base 16
-27
What is -111 (base 2) in base 12?
-7
What is -111101 (base 2) in base 15?
-41
3 (base 11) to base 3
10
22 (base 5) to base 13
c
What is 313 (base 6) in base 14?
85
4 (base 15) to base 7
4
What is 47 (base 9) in base 11?
3a
What is 101 (base 2) in base 8?
5
26 (base 11) to base 2
11100
3 (base 11) to base 12
3
What is 111010 (base 2) in base 10?
58
What is 2 (base 14) in base 8?
2
4b (base 13) to base 5
223
What is 10 (base 3) in base 12?
3
What is -3 (base 14) in base 15?
-3
Convert -98 (base 11) to base 7.
-212
Convert -1342 (base 5) to base 11.
-192
Convert -10 (base 4) to base 16.
-4
Convert -3 (base 4) to base 3.
-10
-3 (base 10) to base 6
-3
-4 (base 8) to base 3
-11
What is 1 (base 4) in base 9?
1
Convert -21 (base 3) to base 9.
-7
7 (base 13) to base 11
7
Convert 153 (base 6) to base 2.
1000101
Convert 111110 (base 3) to base 5.
2423
What is 317 (base 8) in base 15?
dc
What is -1011 (base 4) in base 8?
-105
What is 1 (base 3) in base 12?
1
Convert -a9 (base 11) to base 12.
-9b
12 (base 13) to base 3
120
Convert 2 (base 14) to base 11.
2
Convert 11 (base 13) to base 11.
13
What is 6 (base 12) in base 8?
6
-4 (base 14) to base 11
-4
4 (base 7) to base 12
4
7 (base 15) to base 5
12
54 (base 7) to base 2
100111
Convert 196 (base 15) to base 2.
101101110
What is -3 (base 4) in base 15?
-3
What is -13 (base 15) in base 13?
-15
2 (base 5) to base 7
2
Convert 304 (base 5) to base 15.
54
What is e (base 15) in base 3?
112
-110 (base 4) to base 8
-24
Convert 3 (base 9) to base 6.
3
What is 139 (base 11) in base 13?
c7
What is b (base 15) in base 4?
23
-4 (base 5) to base 15
-4
Convert 23 (base 8) to base 2.
10011
What is -1 (base 4) in base 12?
-1
8 (base 13) to base 11
8
Convert d (base 14) to base 4.
31
Convert -32 (base 6) to base 14.
-16
-44 (base 9) to base 5
-130
Convert 24 (base 13) to base 7.
42
What is 47 (base 14) in base 6?
143
Convert 0 (base 10) to base 6.
0
Convert 206 (base 8) to base 11.
112
24 (base 12) to base 14
20
-20 (base 6) to base 10
-12
What is -1010 (base 2) in base 10?
-10
4a (base 13) to base 14
46
-4 (base 12) to base 13
-4
2 (base 5) to base 9
2
13 (base 8) to base 15
b
-8 (base 9) to base 2
-1000
6 (base 11) to base 13
6
Convert -2 (base 12) to base 6.
-2
-1 (base 8) to base 12
-1
What is 7 (base 16) in base 12?
7
-4 (base 8) to base 11
-4
5 (base 16) to base 12
5
103 (base 4) to base 15
14
What is -3 (base 8) in base 11?
-3
-3 (base 8) to base 9
-3
4 (base 12) to base 5
4
-7 (base 11) to base 4
-13
Convert -27 (base 8) to base 7.
-32
What is -4 (base 7) in base 5?
-4
0 (base 11) to base 14
0
Convert -d (base 16) to base 15.
-d
-1 (base 2) to base 7
-1
Convert -2 (base 15) to base 3.
-2
Convert -3 (base 14) to base 3.
-10
-22 (base 11) to base 8
-30
Convert 199 (base 12) to base 6.
1113
What is -120 (base 3) in base 15?
-10
66 (base 8) to base 15
39
-2 (base 16) to base 13
-2
What is 7 (base 8) in base 7?
10
-7 (base 13) to base 12
-7
What is -22 (base 14) in base 11?
-28
What is -14 (base 12) in base 9?
-17
Convert 1 (base 7) to base 12.
1
What is -182 (base 12) in base 8?
-362
Convert -4 (base 14) to base 7.
-4
What is 7 (base 11) in base 2?
111
Convert 52 (base 6) to base 11.
2a
-3 (base 5) to base 9
-3
What is -2 (base 13) in base 4?
-2
What is 0 (base 16) in base 14?
0
5 (base 8) to base 13
5
9 (base 16) to base 4
21
Convert -246 (base 11) to base 4.
-10210
What is 4 (base 7) in base 4?
10
Convert -1 (base 8) to base 11.
-1
0 (base 6) to base 5
0
22 (base 5) to base 13
c
What is 2 (base 10) in base 2?
10
Convert -b7 (base 14) to base 8.
-241
Convert 0 (base 9) to base 10.
0
-1021 (base 4) to base 2
-1001001
2 (base 10) to base 11
2
What is 2 (base 7) in base 6?
2
Convert 30 (base 6) to base 14.
14
What is 2 (base 9) in base 12?
2
What is -10 (base 2) in base 15?
-2
Convert -43 (base 6) to base 9.
-30
2a (base 12) to base 6
54
Convert -e (base 16) to base 2.
-1110
What is 1 (base 7) in base 12?
1
Convert 100 (base 4) to base 12.
14
What is 11000 (base 2) in base 16?
18
What is 2 (base 11) in base 3?
2
10 (base 9) to base 14
9
11000010 (base 2) to base 11
167
31 (base 6) to base 10
19
Convert -231 (base 6) to base 14.
-67
Convert 4 (base 5) to base 6.
4
Convert 2 (base 5) to base 3.
2
Convert 10 (base 7) to base 8.
7
Convert 0 (base 5) to base 13.
0
-3 (base 11) to base 7
-3
Convert 11 (base 13) to base 14.
10
3 (base 15) to ba